{"id":1898,"date":"2023-12-15T23:13:34","date_gmt":"2023-12-15T23:13:34","guid":{"rendered":"https:\/\/ciedur.org.uy\/site\/?post_type=tribe_events&#038;p=1898"},"modified":"2023-12-19T17:13:50","modified_gmt":"2023-12-19T17:13:50","slug":"conversatorio-a-un-ano-del-compromiso-de-buenos-aires-para-avanzar-hacia-las-sociedades-del-cuidado","status":"publish","type":"tribe_events","link":"https:\/\/ciedur.org.uy\/site\/agenda\/conversatorio-a-un-ano-del-compromiso-de-buenos-aires-para-avanzar-hacia-las-sociedades-del-cuidado\/","title":{"rendered":"Conversatorio: A un a\u00f1o del Compromiso de Buenos Aires para avanzar hacia las sociedades del cuidado"},"content":{"rendered":"<p><img loading=\"lazy\" class=\"alignnone wp-image-1899 size-large\" src=\"https:\/\/ciedur.org.uy\/site\/wp-content\/uploads\/2023\/12\/Invitacio\u0301n-Conversatorio-700x497.png\" alt=\"\" width=\"700\" height=\"497\" srcset=\"https:\/\/ciedur.org.uy\/site\/wp-content\/uploads\/2023\/12\/Invitacio\u0301n-Conversatorio-700x497.png 700w, https:\/\/ciedur.org.uy\/site\/wp-content\/uploads\/2023\/12\/Invitacio\u0301n-Conversatorio-250x177.png 250w, https:\/\/ciedur.org.uy\/site\/wp-content\/uploads\/2023\/12\/Invitacio\u0301n-Conversatorio-768x545.png 768w, https:\/\/ciedur.org.uy\/site\/wp-content\/uploads\/2023\/12\/Invitacio\u0301n-Conversatorio-1536x1090.png 1536w, https:\/\/ciedur.org.uy\/site\/wp-content\/uploads\/2023\/12\/Invitacio\u0301n-Conversatorio-120x85.png 120w, https:\/\/ciedur.org.uy\/site\/wp-content\/uploads\/2023\/12\/Invitacio\u0301n-Conversatorio.png 1748w\" sizes=\"(max-width: 700px) 100vw, 700px\" \/><img loading=\"lazy\" class=\"alignnone wp-image-1900 size-large\" src=\"https:\/\/ciedur.org.uy\/site\/wp-content\/uploads\/2023\/12\/Invitacio\u0301n-Conversatorio-2-700x497.png\" alt=\"\" width=\"700\" height=\"497\" srcset=\"https:\/\/ciedur.org.uy\/site\/wp-content\/uploads\/2023\/12\/Invitacio\u0301n-Conversatorio-2-700x497.png 700w, https:\/\/ciedur.org.uy\/site\/wp-content\/uploads\/2023\/12\/Invitacio\u0301n-Conversatorio-2-250x177.png 250w, https:\/\/ciedur.org.uy\/site\/wp-content\/uploads\/2023\/12\/Invitacio\u0301n-Conversatorio-2-768x545.png 768w, https:\/\/ciedur.org.uy\/site\/wp-content\/uploads\/2023\/12\/Invitacio\u0301n-Conversatorio-2-1536x1090.png 1536w, https:\/\/ciedur.org.uy\/site\/wp-content\/uploads\/2023\/12\/Invitacio\u0301n-Conversatorio-2-120x85.png 120w, https:\/\/ciedur.org.uy\/site\/wp-content\/uploads\/2023\/12\/Invitacio\u0301n-Conversatorio-2.png 1748w\" sizes=\"(max-width: 700px) 100vw, 700px\" \/><\/p>\n<p>&nbsp;<\/p>\n<p>Actividad exclusiva para actores del sector\u00a0para analizar el compromiso regional asumido el 11 de noviembre de 2022 por todos los gobiernos en la XV Conferencia Regional sobre la Mujer de CEPAL y ONU Mujeres.<\/p>\n<p>Representantes de la Secretar\u00eda de G\u00e9nero, Equidad y Diversidad Sexual, la Comisi\u00f3n de Cuidados del PIT-CNT y de la Intersocial Feminista compartieron sus visiones sobre el estado de situaci\u00f3n de Uruguay.<\/p>\n<p>Adem\u00e1s, la Red G\u00e9nero y Comercio nos present\u00f3 la reci\u00e9n publicada \u00abLa vida en el centro: desaf\u00edos hacia sociedades del cuidado\u00bb de las destacadas autoras argentinas Norma Sanch\u00eds y Jazm\u00edn Bergel como compiladoras.<\/p>\n<p>Entre los temas explorados destacaron \u00abCuidados y democracia\u00bb por Viviana Pi\u00f1eiro y Patricia Cossani, y \u00abEl Sistema Nacional Integrado de Cuidados (SNIC) en Uruguay desde la perspectiva de g\u00e9nero y su vinculaci\u00f3n con el reconocimiento y la valoraci\u00f3n del trabajo no remunerado\u00bb por Anain\u00e9s Zignago.<\/p>\n<p>Todo este intercambio es parte de la ruta hacia el esperado Foro Nacional de Cuidados en abril de 2024 (<a href=\"http:\/\/www.forocuidados.uy\/\" target=\"_new\" rel=\"noopener\">www.forocuidados.uy<\/a>). \u00a1Un encuentro enriquecedor!<\/p>\n<p>&nbsp;<\/p>\n<p><a href=\"https:\/\/ciedur.org.uy\/site\/wp-content\/uploads\/2023\/12\/Compromiso-buenos-aires.pptx\">Descarga la presentaci\u00f3n \u00abCompromiso Buenos Aires\u00bb<\/a><\/p>\n<p><a href=\"https:\/\/ciedur.org.uy\/site\/wp-content\/uploads\/2023\/12\/CUIDADOS-Y-DEMOCRACIA.pdf\">Descarga la presentaci\u00f3n \u00abCuidados y Democracia\u00bb<\/a>.<\/p>\n<p><a href=\"https:\/\/www.facebook.com\/media\/set?vanity=ciedur&amp;set=a.655222996824309\" target=\"_blank\" rel=\"noopener\">Ver las fotos del evento.<\/a><\/p>\n<p><a href=\"https:\/\/youtu.be\/2IbdrAjVHT4\" target=\"_blank\" rel=\"noopener\">Ver el video del evento.<\/a><\/p>\n","protected":false},"excerpt":{"rendered":"&nbsp; Actividad exclusiva para actores del sector\u00a0para analizar el compromiso regional asumido el 11 de noviembre de 2022 por todos los gobiernos en la XV Conferencia Regional sobre la Mujer&#8230; <a class=\"view-article\" href=\"https:\/\/ciedur.org.uy\/site\/agenda\/conversatorio-a-un-ano-del-compromiso-de-buenos-aires-para-avanzar-hacia-las-sociedades-del-cuidado\/\">Ver art\u00edculo<\/a>","protected":false},"author":2,"featured_media":0,"comment_status":"open","ping_status":"closed","template":"","meta":[],"tags":[],"tribe_events_cat":[],"_links":{"self":[{"href":"https:\/\/ciedur.org.uy\/site\/wp-json\/wp\/v2\/tribe_events\/1898"}],"collection":[{"href":"https:\/\/ciedur.org.uy\/site\/wp-json\/wp\/v2\/tribe_events"}],"about":[{"href":"https:\/\/ciedur.org.uy\/site\/wp-json\/wp\/v2\/types\/tribe_events"}],"author":[{"embeddable":true,"href":"https:\/\/ciedur.org.uy\/site\/wp-json\/wp\/v2\/users\/2"}],"replies":[{"embeddable":true,"href":"https:\/\/ciedur.org.uy\/site\/wp-json\/wp\/v2\/comments?post=1898"}],"version-history":[{"count":6,"href":"https:\/\/ciedur.org.uy\/site\/wp-json\/wp\/v2\/tribe_events\/1898\/revisions"}],"predecessor-version":[{"id":1910,"href":"https:\/\/ciedur.org.uy\/site\/wp-json\/wp\/v2\/tribe_events\/1898\/revisions\/1910"}],"wp:attachment":[{"href":"https:\/\/ciedur.org.uy\/site\/wp-json\/wp\/v2\/media?parent=1898"}],"wp:term":[{"taxonomy":"post_tag","embeddable":true,"href":"https:\/\/ciedur.org.uy\/site\/wp-json\/wp\/v2\/tags?post=1898"},{"taxonomy":"tribe_events_cat","embeddable":true,"href":"https:\/\/ciedur.org.uy\/site\/wp-json\/wp\/v2\/tribe_events_cat?post=1898"}],"curies":[{"name":"wp","href":"https:\/\/api.w.org\/{rel}","templated":true}]}}

Conversatorio: A un año del Compromiso de Buenos Aires para avanzar hacia las sociedades del cuidado

<p><img loading="lazy" class="alignnone wp-image-1899 size-large" src="https://ciedur.org.uy/site/wp-content/uploads/2023/12/Invitación-Conversatorio-700x497.png" alt="" width="700" height="497" srcset="https://ciedur.org.uy/site/wp-content/uploads/2023/12/Invitación-Conversatorio-700x497.png 700w, https://ciedur.org.uy/site/wp-content/uploads/2023/12/Invitación-Conversatorio-250x177.png 250w, https://ciedur.org.uy/site/wp-content/uploads/2023/12/Invitación-Conversatorio-768x545.png 768w, https://ciedur.org.uy/site/wp-content/uploads/2023/12/Invitación-Conversatorio-1536x1090.png 1536w, https://ciedur.org.uy/site/wp-content/uploads/2023/12/Invitación-Conversatorio-120x85.png 120w, https://ciedur.org.uy/site/wp-content/uploads/2023/12/Invitación-Conversatorio.png 1748w" sizes="(max-width: 700px) 100vw, 700px" /><img loading="lazy" class="alignnone wp-image-1900 size-large" src="https://ciedur.org.uy/site/wp-content/uploads/2023/12/Invitación-Conversatorio-2-700x497.png" alt="" width="700" height="497" srcset="https://ciedur.org.uy/site/wp-content/uploads/2023/12/Invitación-Conversatorio-2-700x497.png 700w, https://ciedur.org.uy/site/wp-content/uploads/2023/12/Invitación-Conversatorio-2-250x177.png 250w, https://ciedur.org.uy/site/wp-content/uploads/2023/12/Invitación-Conversatorio-2-768x545.png 768w, https://ciedur.org.uy/site/wp-content/uploads/2023/12/Invitación-Conversatorio-2-1536x1090.png 1536w, https://ciedur.org.uy/site/wp-content/uploads/2023/12/Invitación-Conversatorio-2-120x85.png 120w, https://ciedur.org.uy/site/wp-content/uploads/2023/12/Invitación-Conversatorio-2.png 1748w" sizes="(max-width: 700px) 100vw, 700px" /></p>
<p>&nbsp;</p>
<p>Actividad exclusiva para actores del sector para analizar el compromiso regional asumido el 11 de noviembre de 2022 por todos los gobiernos en la XV Conferencia Regional sobre la Mujer de CEPAL y ONU Mujeres.</p>
<p>Representantes de la Secretaría de Género, Equidad y Diversidad Sexual, la Comisión de Cuidados del PIT-CNT y de la Intersocial Feminista compartieron sus visiones sobre el estado de situación de Uruguay.</p>
<p>Además, la Red Género y Comercio nos presentó la recién publicada «La vida en el centro: desafíos hacia sociedades del cuidado» de las destacadas autoras argentinas Norma Sanchís y Jazmín Bergel como compiladoras.</p>
<p>Entre los temas explorados destacaron «Cuidados y democracia» por Viviana Piñeiro y Patricia Cossani, y «El Sistema Nacional Integrado de Cuidados (SNIC) en Uruguay desde la perspectiva de género y su vinculación con el reconocimiento y la valoración del trabajo no remunerado» por Anainés Zignago.</p>
<p>Todo este intercambio es parte de la ruta hacia el esperado Foro Nacional de Cuidados en abril de 2024 (<a href="http://www.forocuidados.uy/" target="_new" rel="noopener">www.forocuidados.uy</a>). ¡Un encuentro enriquecedor!</p>
<p>&nbsp;</p>
<p><a href="https://ciedur.org.uy/site/wp-content/uploads/2023/12/Compromiso-buenos-aires.pptx">Descarga la presentación «Compromiso Buenos Aires»</a></p>
<p><a href="https://ciedur.org.uy/site/wp-content/uploads/2023/12/CUIDADOS-Y-DEMOCRACIA.pdf">Descarga la presentación «Cuidados y Democracia»</a>.</p>
<p><a href="https://www.facebook.com/media/set?vanity=ciedur&amp;set=a.655222996824309" target="_blank" rel="noopener">Ver las fotos del evento.</a></p>
<p><a href="https://youtu.be/2IbdrAjVHT4" target="_blank" rel="noopener">Ver el video del evento.</a></p>

&nbsp; Actividad exclusiva para actores del sector para analizar el compromiso regional asumido el 11 de noviembre de 2022 por todos los gobiernos en la XV Conferencia Regional sobre la Mujer&#8230; <a class="view-article" href="https://ciedur.org.uy/site/agenda/conversatorio-a-un-ano-del-compromiso-de-buenos-aires-para-avanzar-hacia-las-sociedades-del-cuidado/">Ver artículo</a>
