{"id":1338,"date":"2022-08-16T13:20:54","date_gmt":"2022-08-16T13:20:54","guid":{"rendered":"https:\/\/ciedur.org.uy\/site\/?post_type=tribe_events&#038;p=1338"},"modified":"2022-08-16T13:31:56","modified_gmt":"2022-08-16T13:31:56","slug":"seminario-el-futuro-del-mercosur-una-mirada-interdisciplinaria-desde-uruguay","status":"publish","type":"tribe_events","link":"https:\/\/ciedur.org.uy\/site\/agenda\/seminario-el-futuro-del-mercosur-una-mirada-interdisciplinaria-desde-uruguay\/","title":{"rendered":"Seminario \u00abEl futuro del #Mercosur: una mirada interdisciplinaria desde Uruguay\u00bb"},"content":{"rendered":"<p><img loading=\"lazy\" class=\"alignnone wp-image-1340 size-full\" src=\"https:\/\/ciedur.org.uy\/site\/wp-content\/uploads\/2022\/08\/csm_el_futuro_del_mercosur_tw_867698ec27.png\" alt=\"\" width=\"800\" height=\"449\" srcset=\"https:\/\/ciedur.org.uy\/site\/wp-content\/uploads\/2022\/08\/csm_el_futuro_del_mercosur_tw_867698ec27.png 800w, https:\/\/ciedur.org.uy\/site\/wp-content\/uploads\/2022\/08\/csm_el_futuro_del_mercosur_tw_867698ec27-250x140.png 250w, https:\/\/ciedur.org.uy\/site\/wp-content\/uploads\/2022\/08\/csm_el_futuro_del_mercosur_tw_867698ec27-700x393.png 700w, https:\/\/ciedur.org.uy\/site\/wp-content\/uploads\/2022\/08\/csm_el_futuro_del_mercosur_tw_867698ec27-768x431.png 768w, https:\/\/ciedur.org.uy\/site\/wp-content\/uploads\/2022\/08\/csm_el_futuro_del_mercosur_tw_867698ec27-120x67.png 120w\" sizes=\"(max-width: 800px) 100vw, 800px\" \/><\/p>\n<p><img loading=\"lazy\" class=\"alignnone wp-image-1339\" src=\"https:\/\/ciedur.org.uy\/site\/wp-content\/uploads\/2022\/08\/Mercosur-700x393.jpeg\" alt=\"\" width=\"800\" height=\"449\" srcset=\"https:\/\/ciedur.org.uy\/site\/wp-content\/uploads\/2022\/08\/Mercosur-700x393.jpeg 700w, https:\/\/ciedur.org.uy\/site\/wp-content\/uploads\/2022\/08\/Mercosur-250x140.jpeg 250w, https:\/\/ciedur.org.uy\/site\/wp-content\/uploads\/2022\/08\/Mercosur-768x431.jpeg 768w, https:\/\/ciedur.org.uy\/site\/wp-content\/uploads\/2022\/08\/Mercosur-1536x862.jpeg 1536w, https:\/\/ciedur.org.uy\/site\/wp-content\/uploads\/2022\/08\/Mercosur-120x67.jpeg 120w, https:\/\/ciedur.org.uy\/site\/wp-content\/uploads\/2022\/08\/Mercosur.jpeg 1792w\" sizes=\"(max-width: 800px) 100vw, 800px\" \/><\/p>\n<p>El seminario est\u00e1 enmarcado en la discusi\u00f3n sobre la flexibilizaci\u00f3n del Mercosur y el reciente anuncio sobre el inicio de negociaciones de un tratado de libre comercio entre Uruguay y China, y presentar\u00e1 los resultados de trabajo del Grupo de Estudios sobre Inserci\u00f3n Internacional y Modelos de Desarrollo con el fin de intercambiar y discutir con actores sociales los escenarios posibles para el pa\u00eds y la regi\u00f3n, con el objetivo de amplificar el debate p\u00fablico sobre una agenda central para el futuro del pa\u00eds.<\/p>\n<p>La mesa de apertura contar\u00e1 con la participaci\u00f3n de Gonzalo Vicci, presidente del Servicio de Relaciones Internacionales de la Udelar; Carmen Midaglia, decana de FCS; Wilson Fern\u00e1ndez Luzuriaga, coordinador del Programa de Estudios Internacionales de la FCS; y D\u00f6rte Wollrad, representante de la Fundaci\u00f3n Friedrich Ebert en\u00a0Uruguay.<\/p>\n<p>Habr\u00e1 dos paneles de intercambio uno de presentaci\u00f3n de resultados y otro para conocer las perspectivas de\u00a0actores sociales, este \u00faltimo contar\u00e1 con la participaci\u00f3n de Marcelo Abdala, presidente del PIT-CNT; un representante de la Asociaci\u00f3n Nacional de Micro y Peque\u00f1as Empresas (ANMYPE);<strong> la economista Alma Espino del Centro Interdisciplinario de Estudios sobre el Desarrollo (Ciedur)<\/strong>; Teresita Aishemberg de la Uni\u00f3n de Exportadores del Uruguay; y Washington Dur\u00e1n de la C\u00e1mara de Industria del Uruguay.<\/p>\n<p>La moderaci\u00f3n y los comentarios estar\u00e1n a cargo de Viviana Barreto, directora de proyectos de la FES Uruguay y\u00a0Marcos Soto, decano de la Escuela de Negocios de la Universidad Cat\u00f3lica del Uruguay.<\/p>\n<p><span class=\"css-901oao css-16my406 r-poiln3 r-bcqeeo r-qvutc0\"><a href=\"http:\/\/youtube.com\/fcsudelar\" target=\"_blank\" rel=\"noopener\">Ver evento en vivo<\/a>.<\/span><\/p>\n","protected":false},"excerpt":{"rendered":"El seminario est\u00e1 enmarcado en la discusi\u00f3n sobre la flexibilizaci\u00f3n del Mercosur y el reciente anuncio sobre el inicio de negociaciones de un tratado de libre comercio entre Uruguay y&#8230; <a class=\"view-article\" href=\"https:\/\/ciedur.org.uy\/site\/agenda\/seminario-el-futuro-del-mercosur-una-mirada-interdisciplinaria-desde-uruguay\/\">Ver art\u00edculo<\/a>","protected":false},"author":2,"featured_media":0,"comment_status":"open","ping_status":"closed","template":"","meta":[],"tags":[],"tribe_events_cat":[],"_links":{"self":[{"href":"https:\/\/ciedur.org.uy\/site\/wp-json\/wp\/v2\/tribe_events\/1338"}],"collection":[{"href":"https:\/\/ciedur.org.uy\/site\/wp-json\/wp\/v2\/tribe_events"}],"about":[{"href":"https:\/\/ciedur.org.uy\/site\/wp-json\/wp\/v2\/types\/tribe_events"}],"author":[{"embeddable":true,"href":"https:\/\/ciedur.org.uy\/site\/wp-json\/wp\/v2\/users\/2"}],"replies":[{"embeddable":true,"href":"https:\/\/ciedur.org.uy\/site\/wp-json\/wp\/v2\/comments?post=1338"}],"version-history":[{"count":2,"href":"https:\/\/ciedur.org.uy\/site\/wp-json\/wp\/v2\/tribe_events\/1338\/revisions"}],"predecessor-version":[{"id":1369,"href":"https:\/\/ciedur.org.uy\/site\/wp-json\/wp\/v2\/tribe_events\/1338\/revisions\/1369"}],"wp:attachment":[{"href":"https:\/\/ciedur.org.uy\/site\/wp-json\/wp\/v2\/media?parent=1338"}],"wp:term":[{"taxonomy":"post_tag","embeddable":true,"href":"https:\/\/ciedur.org.uy\/site\/wp-json\/wp\/v2\/tags?post=1338"},{"taxonomy":"tribe_events_cat","embeddable":true,"href":"https:\/\/ciedur.org.uy\/site\/wp-json\/wp\/v2\/tribe_events_cat?post=1338"}],"curies":[{"name":"wp","href":"https:\/\/api.w.org\/{rel}","templated":true}]}}

<p><img loading="lazy" class="alignnone wp-image-1340 size-full" src="https://ciedur.org.uy/site/wp-content/uploads/2022/08/csm_el_futuro_del_mercosur_tw_867698ec27.png" alt="" width="800" height="449" srcset="https://ciedur.org.uy/site/wp-content/uploads/2022/08/csm_el_futuro_del_mercosur_tw_867698ec27.png 800w, https://ciedur.org.uy/site/wp-content/uploads/2022/08/csm_el_futuro_del_mercosur_tw_867698ec27-250x140.png 250w, https://ciedur.org.uy/site/wp-content/uploads/2022/08/csm_el_futuro_del_mercosur_tw_867698ec27-700x393.png 700w, https://ciedur.org.uy/site/wp-content/uploads/2022/08/csm_el_futuro_del_mercosur_tw_867698ec27-768x431.png 768w, https://ciedur.org.uy/site/wp-content/uploads/2022/08/csm_el_futuro_del_mercosur_tw_867698ec27-120x67.png 120w" sizes="(max-width: 800px) 100vw, 800px" /></p>
<p><img loading="lazy" class="alignnone wp-image-1339" src="https://ciedur.org.uy/site/wp-content/uploads/2022/08/Mercosur-700x393.jpeg" alt="" width="800" height="449" srcset="https://ciedur.org.uy/site/wp-content/uploads/2022/08/Mercosur-700x393.jpeg 700w, https://ciedur.org.uy/site/wp-content/uploads/2022/08/Mercosur-250x140.jpeg 250w, https://ciedur.org.uy/site/wp-content/uploads/2022/08/Mercosur-768x431.jpeg 768w, https://ciedur.org.uy/site/wp-content/uploads/2022/08/Mercosur-1536x862.jpeg 1536w, https://ciedur.org.uy/site/wp-content/uploads/2022/08/Mercosur-120x67.jpeg 120w, https://ciedur.org.uy/site/wp-content/uploads/2022/08/Mercosur.jpeg 1792w" sizes="(max-width: 800px) 100vw, 800px" /></p>
<p>El seminario está enmarcado en la discusión sobre la flexibilización del Mercosur y el reciente anuncio sobre el inicio de negociaciones de un tratado de libre comercio entre Uruguay y China, y presentará los resultados de trabajo del Grupo de Estudios sobre Inserción Internacional y Modelos de Desarrollo con el fin de intercambiar y discutir con actores sociales los escenarios posibles para el país y la región, con el objetivo de amplificar el debate público sobre una agenda central para el futuro del país.</p>
<p>La mesa de apertura contará con la participación de Gonzalo Vicci, presidente del Servicio de Relaciones Internacionales de la Udelar; Carmen Midaglia, decana de FCS; Wilson Fernández Luzuriaga, coordinador del Programa de Estudios Internacionales de la FCS; y Dörte Wollrad, representante de la Fundación Friedrich Ebert en Uruguay.</p>
<p>Habrá dos paneles de intercambio uno de presentación de resultados y otro para conocer las perspectivas de actores sociales, este último contará con la participación de Marcelo Abdala, presidente del PIT-CNT; un representante de la Asociación Nacional de Micro y Pequeñas Empresas (ANMYPE);<strong> la economista Alma Espino del Centro Interdisciplinario de Estudios sobre el Desarrollo (Ciedur)</strong>; Teresita Aishemberg de la Unión de Exportadores del Uruguay; y Washington Durán de la Cámara de Industria del Uruguay.</p>
<p>La moderación y los comentarios estarán a cargo de Viviana Barreto, directora de proyectos de la FES Uruguay y Marcos Soto, decano de la Escuela de Negocios de la Universidad Católica del Uruguay.</p>
<p><span class="css-901oao css-16my406 r-poiln3 r-bcqeeo r-qvutc0"><a href="http://youtube.com/fcsudelar" target="_blank" rel="noopener">Ver evento en vivo</a>.</span></p>

El seminario está enmarcado en la discusión sobre la flexibilización del Mercosur y el reciente anuncio sobre el inicio de negociaciones de un tratado de libre comercio entre Uruguay y&#8230; <a class="view-article" href="https://ciedur.org.uy/site/agenda/seminario-el-futuro-del-mercosur-una-mirada-interdisciplinaria-desde-uruguay/">Ver artículo</a>
