{"id":1323,"date":"2022-08-09T17:03:10","date_gmt":"2022-08-09T17:03:10","guid":{"rendered":"https:\/\/ciedur.org.uy\/site\/?post_type=tribe_events&#038;p=1323"},"modified":"2022-08-09T17:03:10","modified_gmt":"2022-08-09T17:03:10","slug":"taller-sobre-economia-feminista","status":"publish","type":"tribe_events","link":"https:\/\/ciedur.org.uy\/site\/agenda\/taller-sobre-economia-feminista\/","title":{"rendered":"Taller sobre Econom\u00eda Feminista"},"content":{"rendered":"<p><img loading=\"lazy\" class=\"alignnone wp-image-1324 size-large\" src=\"https:\/\/ciedur.org.uy\/site\/wp-content\/uploads\/2022\/08\/Actividad-700x554.png\" alt=\"\" width=\"700\" height=\"554\" srcset=\"https:\/\/ciedur.org.uy\/site\/wp-content\/uploads\/2022\/08\/Actividad-700x554.png 700w, https:\/\/ciedur.org.uy\/site\/wp-content\/uploads\/2022\/08\/Actividad-250x198.png 250w, https:\/\/ciedur.org.uy\/site\/wp-content\/uploads\/2022\/08\/Actividad-768x608.png 768w, https:\/\/ciedur.org.uy\/site\/wp-content\/uploads\/2022\/08\/Actividad-120x95.png 120w, https:\/\/ciedur.org.uy\/site\/wp-content\/uploads\/2022\/08\/Actividad.png 1452w\" sizes=\"(max-width: 700px) 100vw, 700px\" \/><\/p>\n<p>&nbsp;<\/p>\n<p>En el marco de los Talleres de Formaci\u00f3n en Feminismos\u00a0 que el Centro de Estudios Interdisciplinarios Feministas de la UDELAR desarrolla para la Secretar\u00eda de G\u00e9nero, Equidad y Diversidad Sexual del PIT-CNT, destacamos la participaci\u00f3n de <strong>Soledad Salvador<\/strong> en el Taller sobre Econom\u00eda Feminista.<\/p>\n<p>En el taller se compartir\u00e1n los Principios y conceptos de la Econom\u00eda Feminista y el debate feminista sobre la organizaci\u00f3n de la reproducci\u00f3n social y su impacto en la reproducci\u00f3n de la desigualdad.<\/p>\n","protected":false},"excerpt":{"rendered":"&nbsp; En el marco de los Talleres de Formaci\u00f3n en Feminismos\u00a0 que el Centro de Estudios Interdisciplinarios Feministas de la UDELAR desarrolla para la Secretar\u00eda de G\u00e9nero, Equidad y Diversidad&#8230; <a class=\"view-article\" href=\"https:\/\/ciedur.org.uy\/site\/agenda\/taller-sobre-economia-feminista\/\">Ver art\u00edculo<\/a>","protected":false},"author":2,"featured_media":0,"comment_status":"open","ping_status":"closed","template":"","meta":[],"tags":[],"tribe_events_cat":[],"_links":{"self":[{"href":"https:\/\/ciedur.org.uy\/site\/wp-json\/wp\/v2\/tribe_events\/1323"}],"collection":[{"href":"https:\/\/ciedur.org.uy\/site\/wp-json\/wp\/v2\/tribe_events"}],"about":[{"href":"https:\/\/ciedur.org.uy\/site\/wp-json\/wp\/v2\/types\/tribe_events"}],"author":[{"embeddable":true,"href":"https:\/\/ciedur.org.uy\/site\/wp-json\/wp\/v2\/users\/2"}],"replies":[{"embeddable":true,"href":"https:\/\/ciedur.org.uy\/site\/wp-json\/wp\/v2\/comments?post=1323"}],"version-history":[{"count":1,"href":"https:\/\/ciedur.org.uy\/site\/wp-json\/wp\/v2\/tribe_events\/1323\/revisions"}],"predecessor-version":[{"id":1325,"href":"https:\/\/ciedur.org.uy\/site\/wp-json\/wp\/v2\/tribe_events\/1323\/revisions\/1325"}],"wp:attachment":[{"href":"https:\/\/ciedur.org.uy\/site\/wp-json\/wp\/v2\/media?parent=1323"}],"wp:term":[{"taxonomy":"post_tag","embeddable":true,"href":"https:\/\/ciedur.org.uy\/site\/wp-json\/wp\/v2\/tags?post=1323"},{"taxonomy":"tribe_events_cat","embeddable":true,"href":"https:\/\/ciedur.org.uy\/site\/wp-json\/wp\/v2\/tribe_events_cat?post=1323"}],"curies":[{"name":"wp","href":"https:\/\/api.w.org\/{rel}","templated":true}]}}

Taller sobre Economía Feminista

<p><img loading="lazy" class="alignnone wp-image-1324 size-large" src="https://ciedur.org.uy/site/wp-content/uploads/2022/08/Actividad-700x554.png" alt="" width="700" height="554" srcset="https://ciedur.org.uy/site/wp-content/uploads/2022/08/Actividad-700x554.png 700w, https://ciedur.org.uy/site/wp-content/uploads/2022/08/Actividad-250x198.png 250w, https://ciedur.org.uy/site/wp-content/uploads/2022/08/Actividad-768x608.png 768w, https://ciedur.org.uy/site/wp-content/uploads/2022/08/Actividad-120x95.png 120w, https://ciedur.org.uy/site/wp-content/uploads/2022/08/Actividad.png 1452w" sizes="(max-width: 700px) 100vw, 700px" /></p>
<p>&nbsp;</p>
<p>En el marco de los Talleres de Formación en Feminismos  que el Centro de Estudios Interdisciplinarios Feministas de la UDELAR desarrolla para la Secretaría de Género, Equidad y Diversidad Sexual del PIT-CNT, destacamos la participación de <strong>Soledad Salvador</strong> en el Taller sobre Economía Feminista.</p>
<p>En el taller se compartirán los Principios y conceptos de la Economía Feminista y el debate feminista sobre la organización de la reproducción social y su impacto en la reproducción de la desigualdad.</p>

&nbsp; En el marco de los Talleres de Formación en Feminismos  que el Centro de Estudios Interdisciplinarios Feministas de la UDELAR desarrolla para la Secretaría de Género, Equidad y Diversidad&#8230; <a class="view-article" href="https://ciedur.org.uy/site/agenda/taller-sobre-economia-feminista/">Ver artículo</a>
